 + -308. Suppose 36*c = r*c - 275. Give p(c).
11
Let r(p) = 433*p**2 - 1011*p**2 + p**3 - 28 + 576*p**2. Calculate r(0).
-28
Let u(i) = i - 6. Suppose 366 = 9*r - 331 + 535. Give u(r).
12
Let k(z) = -96*z**3 + z**2 - 3*z + 2. Let g = 5423 - 5422. Give k(g).
-96
Suppose 2931 = -10*j + 2931. Let q(g) = -g**3 + 2*g**2 - 6*g - 1. Determine q(j).
-1
Let i(f) = 45417*f - 15 - 45377*f + 25. Determine i(-3).
-110
Let p(v) = -v + 2. Suppose -19 = -16*u + 13. Let m(q) = -2*q + 5. Let r(d) = u*m(d) - 2*p(d). Let l be 4/6 - (-20)/6. Give r(l).
-2
Let t(j) = 2*j**3 + 0*j**3 + 4 - 3*j + 3*j**2 - j**3. Let m be (-18 - -27)/((-2)/182). Let s = 816 + m. Determine t(s).
13
Suppose -5*x - 9 = 2*b, 3*x + b + 7 = -2*x. Let l(q) = -11*q**3 + q**2 + 9*q + 9. Give l(x).
12
Let u(h) = -h + 0 + 4*h - 2*h - 1. Suppose 62 = -4*c + 218. Let t be c/6 + (-2)/(-4). Give u(t).
6
Let u be (-11 + 22 - 12)*-1*-24. Let w(q) = q**2 + 7*q - 404. Calculate w(u).
4
Let v(s) = 56*s - 500. Let k be v(28). Let r(d) = k*d - 2118*d + 1052*d - 4. Let u be 0 - (-4 - -1*1). What is r(u)?
2
Suppose -5*t + 21 = -2*u, 4*u = 5*t - t - 24. Suppose 0*c + 15 = t*c, 4*r - c = 31. Let a(f) = f**2 - 5*f + 0*f - 3*f - 7. Give a(r).
2
Suppose 2*n + n = v - 11, -v + n = -5. Let p(i) = 3*i - 16. Let q(b) = -5*b + 42. Let g(d) = v*q(d) + 5*p(d). Give g(-3).
-11
Let o(q) = 4*q**2 + 205*q + 51. Let a be o(-51). Let x(r) = -2 + 3*r**2 + 2*r + 0 - r**3 - 2*r**2 - r. Determine x(a).
-2
Let c(t) = -5*t + 133*t**2 - 41 + 38 - 132*t**2. Suppose -6*z = -8*z + 10, 3*h + 13 = 5*z. Calculate c(h).
-7
Suppose 11*k - 6 = 16. Suppose 3*g + k*g = 15. Let m(d) = -2*d + d**g - 748*d**2 + 1 + 748*d**2. Calculate m(-2).
-3
Let r = -2415 - -2425. Let t(y) = -y**3 + 9*y**2 + 12*y - 14. Calculate t(r).
6
Let u(x) = 47*x**3 - 33*x**2 - 3105*x + 2 + 34*x**2 + 3102*x. Give u(1).
47
Let a(q) = 60*q**3 - 39*q**2 - 3*q - 10. Let i(h) = 19*h**3 - 12*h**2 - h - 3. Let c(d) = -6*a(d) + 19*i(d). Let t = -8 - -2. What is c(t)?
9
Let o(g) = -11*g + 1. Suppose -131 + 75 = -4*n + 5*u, 3*u - 15 = -3*n. Determine o(n).
-98
Let q(k) = -k**3 - 5*k**2 - 7*k - 5. Let h be q(-3). Let v be ((1 - 34)/3)/1. Let y be (-172)/22 - h/v. Let m(j) = -j**2 - 9*j - 1. Give m(y).
7
Let l(r) = -115*r - 92. Let p(x) = -53*x - 46. Let v(n) = -6*l(n) + 13*p(n). Determine v(34).
-12
Let m(n) = 2*n**2 - 12*n - 8. Let r be m(7). Let b(q) = -r*q**2 + 10*q**3 - 4*q**2 - 7*q**3 - 4*q**3 + 1. Give b(-10).
1
Suppose 5*p - 19 = -2*f, 0 = 4*p - 4*f - f - 2. Let c(i) = -3*i + i + 0*i + 12 + p. Calculate c(11).
-7
Let o(i) be the second derivative of i**5/20 - 2*i**4/3 + 11*i**3/6 + i**2/2 + 4849*i. Determine o(6).
-5
Let d(r) = -10*r**2 - 6*r + 1. Let c(z) = -52*z**2 - 24*z - 4. Let m(k) = -c(k) + 5*d(k). Determine m(3).
9
Let h(c) = -c**3 - 8*c**2 - 7*c - 3. Let z(r) = -19*r**2 + 19*r + 96. Let x be z(-4). Let d = x - -277. What is h(d)?
-3
Let d(c) = 15*c + 19. Let w(j) = 8*j + 8. Let z(f) = -2*d(f) + 5*w(f). What is z(4)?
42
Let v(w) = -3769 - 3771 - 3754 + 19*w + 11220. Calculate v(4).
2
Let f(t) = 4*t + 11. Let l(u) = -288*u + 654. Let s(p) = 18*p - 41. Let h(q) = -2*l(q) - 33*s(q). Let i be h(3). Determine f(i).
-25
Let h(o) = 19*o**2 - 6*o - 6. Let p be h(1). Let x(f) = -f**2 - 9*f + 1. Calculate x(p).
-111
Let r(g) = -13 - 284*g + 290*g + g**2 + 5. Suppose y + f - 29 = 5*y, 32 = -4*y + 4*f. What is r(y)?
-1
Let a(w) = w + 14. Let f(u) = -16 - 44*u - 44*u + 86*u. Let x(r) = -7*a(r) - 6*f(r). Determine x(1).
3
Let u(x) be the third derivative of -17*x**4/24 + 7*x**3/2 - 3887*x**2. Determine u(3).
-30
Let a(b) = -b**3 - b**2 + b - 1. Let i(g) = -2*g**3 - 7*g**2 - 2*g - 6. Suppose -33*y + 10*y = -69. Let j(m) = y*a(m) - i(m). What is j(5)?
3
Suppose -6*u - 121 = -25. Let n be (-4)/u + (-7)/(-4). Let c(g) = -4*g**2 + 7*g**n - 38*g + 36*g. What is c(2)?
8
Let c(x) be the first derivative of x**3/3 + 3*x**2/2 + 6*x + 3. Let n be c(-9). Let j = -66 + n. Let q(u) = -2*u - 6. Give q(j).
6
Let b = 469 + -467. Let x(r) = 7 - r**3 + 6 + 6*r**b - 2 - 13 + 3*r + 6. What is x(7)?
-24
Let n(p) = p - 1. Let a(t) = 12. Let h(w) = a(w) + 2*n(w). Suppose -8*o - 72 = -8. Calculate h(o).
-6
Let j(r) = 14*r - 3065. Let x(g) = g - 236. Let s(m) = -2*j(m) + 26*x(m). Let h be 108/(-14) + (-4)/14. Determine s(h).
10
Let i be 1 + (0 - -1) - (-99)/(-9). Let b be (-12)/10*(i + -11). Let x = -23 + b. Let n(p) = p**3 - p**2 + 1. Calculate n(x).
1
Let k(c) be the third derivative of -1/6*c**3 - 2/15*c**5 + 1/12*c**4 + 0*c + 0 - 301*c**2. What is k(1)?
-7
Let s(k) = k**2 + 27*k + 7. Let p = 33778 + -33803. Calculate s(p).
-43
Let f(h) = -h**2 - 22*h - 59. Let y(g) = 307*g - 633. Let r be y(2). Calculate f(r).
-2
Let t(n) = -n**3 + 3*n**2 + 12. Let o(k) = -k**3 + 13*k**2 + 49*k + 8. Let s be o(-3). Determine t(s).
-38
Let f(r) = r**2 - 9*r - 3. Suppose o = 2*a + 16, 18 = a + 21. Let p be (5/o*6)/(1/3). Calculate f(p).
-3
Let j(m) = 5*m + 3. Let q(s) = 4*s + 3. Let i(k) = -3*j(k) + 4*q(k). Suppose 0 = -2*c + 6 - 36. Let v be (-1 - -2)*(-15 - c). Determine i(v).
3
Let n(j) = -23*j**3 - 11*j**2 - 10*j - 6. Let b(v) = 50*v**3 + 23*v**2 + 21*v + 11. Let k(y) = 6*b(y) + 13*n(y). Give k(6).
0
Let d = -2963 + 2971. Let a(z) = -4*z + 22. What is a(d)?
-10
Let a(o) = o + 1. Let z be a(1). Let t(p) = -5*p**z + 1 + p + 0 + 2 + p**3. Let q(c) = -3*c**2 - 6*c + 14. Let j be q(-3). Determine t(j).
8
Let k(g) = -208*g**2 - 258*g**2 + 2*g - 9 + g**3 + 469*g**2. Calculate k(0).
-9
Suppose 340*x - 18 = 345*x + 4*h, -5*h - 43 = -4*x. Let v(m) be the first derivative of 1/4*m**4 - m + 4 - 4/3*m**3 + 3/2*m**2. Determine v(x).
-3
Let r = 1 + 5. Suppose g - 2*g = -r. Let n(s) = -33*s - 7*s**2 + 121*s + 0 + 2 + s**3 - 35*s - 49*s. Calculate n(g).
-10
Let z(m) = 2*m**2 + 4*m. Suppose -10 = -5*g, 0*g - 78 = -b + 3*g. Suppose 26 = -83*y + b*y. Let w = y + -29. Calculate z(w).
6
Let q(l) = 8. Let b(a) = 25. Let m(f) = b(f) - 3*q(f). Let j(i) be the third derivative of 5*i**4/24 - 7*i**3/6 + 2*i**2. Let k(g) = -j(g) - 4*m(g). Give k(2).
-7
Suppose -391*i + 389*i + l - 13 = 0, 2*i = -2*l - 16. Let x(t) = t**3 + 5*t**2 - 12*t + 14. Calculate x(i).
0
Let g(q) = q**3 - 5*q**2 - 9*q + 2. Suppose 2*z = d - 8, -66 + 45 = -3*d + 3*z. Give g(d).
-16
Let s(x) = 19*x**3 - 11*x**2 - 5*x + 5. Let g(q) = -19*q**3 + 14*q**2 + 5*q - 6. Let k(h) = 5*g(h) + 6*s(h). Determine k(1).
18
Let y = -208 + 208. Suppose -4*m - 3*f - 27 = 0, -m + 17*f - 22*f - 28 = y. Let s(n) = -2*n**3 - 3*n**2 + 4*n + 4. Calculate s(m).
19
Suppose 158 + 1030 = -9*y. Let a = y + 132. Let o(c) = -c - 7. Give o(a).
-7
Let n(p) be the first derivative of -5*p**4/4 - 2*p**3/3 + p + 158. Let a(s) = s**3 + s**2 + 4*s - 2. Let m be a(0). Give n(m).
33
Let k be (-29)/(5 - (-4 + 10)). Let m(j) = j**3 - 8*j**2 - 15 - 10*j + k - 15. Calculate m(9).
-10
Let w(b) = -27*b**3 - 6 - b**3 + 2*b**3 - 3*b - 11*b**2 - 11*b**2 + 19*b**2 + 27*b**3. Let m = 6 - 1. Calculate w(m).
29
Let j(a) be the second derivative of -a**3/6 - 6*a**2 + 10*a. Let c(k) = -k**2 - 28*k - 63. Let o be c(-26). What is j(o)?
-1
Let s(u) = u**3 - 6*u**2 - 4*u + 18. Suppose 27*j - 114 + 66 = 114. What is s(j)?
-6
Let y(p) = -p**2 + 8*p + 6. Let b(v) = -17*v - 196. Let k be b(40). Let r = -868 - k. Give y(r).
6
Suppose -4*o - 2*m - 38 = 0, 4*o - m = -13 - 16. Let b(g) = 6*g**3 - g**2 + 3*g - 4. Let l be b(1). Let j(k) = -l + 7 + 3 - 11 - 6 - 2*k. Give j(o).
5
Let o(c) be the first derivative of c**3/3 + 13*c**2/2 + c + 1404. Calculate o(-6).
-41
Let p be (-228)/(-2) - (-21)/(-7). Let b = p + -87. Let i(r) = 14*r**3 - b*r**3 + 1 + 3*r**3. What is i(-1)?
8
Suppose 153*m = 159*m - 330. Let t = -46 + m. Let o(x) = x**2 - 8*x - 3. Calculate o(t).
6
Let s = -188 - -99. Let r = s + 91. Let k(t) = -2*t - 2. Determine k(r).
-6
Let l(f) = -f**3 - 3*f**2 + f - 1. Let t = 9 - 6. Suppose -422 = -50*o - 122. Suppose -y + t*y = -o. Calculate l(y).
-4
Let i(g) = g - 7. Let o(j) = j**2 + 13*j - 7. Let w(s) = 4*i(s) - o(s). Give w(-4).
-1
Let t(n) = 22*n - 2*n**3 + 5 + 8 - 34*n + 15*n - 12*n**2 + 14*n. What is t(-7)?
-8
Let q(h) = 11*h**3 + 7*h**2 - 7*h - 9. Let y(d) = 31*d**3 + 21*d**2 - 20*d - 24. Let i(c) = 17*q(c) - 6*y(c). Calculate i(6).
-39
Let q(f) = f**2 + 10*f - 11. Let u(a) = 199*a - 3774. Let k be u(19). Calculate q(k).
108